f9
-11033 (base 5) to base 12
-540
Convert -274 (base 11) to base 12.
-22b
What is -40450 (base 7) in base 12?
-5837
Convert 1a00 (base 15) to base 4.
1113321
Convert 111010110 (base 2) to base 5.
3340
-21411 (base 6) to base 14
-1115
4a2 (base 14) to base 11
772
-7adb (base 16) to base 12
-1624b
-1241230 (base 5) to base 2
-101111111110101
Convert 1020220 (base 3) to base 15.
410
Convert 5605 (base 7) to base 4.
133132
What is -41013 (base 5) in base 7?
-10451
Convert -1bb2b (base 14) to base 11.
-4920a
What is 10111100001101 (base 2) in base 7?
50055
What is -181a (base 13) in base 3?
-11220022
4767 (base 13) to base 11
7612
Convert -10653 (base 8) to base 16.
-11ab
What is -2121200021 (base 3) in base 16?
-c943
-433313 (base 5) to base 10
-14833
Convert 42b4 (base 15) to base 11.
a676
Convert 150214 (base 6) to base 5.
424323
Convert -531 (base 9) to base 15.
-1dd
What is 1105 (base 13) in base 12?
1457
95b5 (base 12) to base 5
1011114
What is -112010212 (base 3) in base 5?
-312220
Convert -30030200 (base 4) to base 5.
-3044302
1303022 (base 4) to base 9
11088
65233 (base 7) to base 15
4c2d
52c (base 13) to base 14
471
What is 9236 (base 10) in base 13?
4286
What is -13121 (base 5) in base 15?
-491
What is 20432 (base 6) in base 8?
5304
What is 2688 (base 14) in base 16?
1a80
7505 (base 10) to base 5
220010
What is 220210201 (base 3) in base 2?
100011010100010
What is -4566 (base 13) in base 3?
-111022220
5464 (base 10) to base 8
12530
26506 (base 9) to base 3
220120020
Convert 1201210 (base 3) to base 7.
3453
Convert -5114 (base 11) to base 4.
-1222013
Convert 11100000001110 (base 2) to base 10.
14350
Convert 1a5b6 (base 14) to base 5.
4120441
Convert c38 (base 14) to base 9.
3258
What is 627b (base 14) in base 3?
212021100
What is 1105 (base 7) in base 6?
1501
What is 354003 (base 6) in base 14?
b271
What is -31103 (base 5) in base 6?
-13220
What is -235 (base 11) in base 7?
-550
2c25 (base 14) to base 6
100241
What is -8533 (base 11) in base 16?
-2c19
Convert 9455 (base 10) to base 9.
13865
What is 1a69 (base 11) in base 6?
20040
What is 522 (base 8) in base 2?
101010010
-11 (base 5) to base 13
-6
Convert 61 (base 15) to base 6.
231
What is -662 (base 8) in base 5?
-3214
Convert -48242 (base 9) to base 2.
-111111000010100
What is 121221102 (base 3) in base 16?
303e
Convert -130202 (base 6) to base 3.
-121002202
10555 (base 12) to base 11
15195
Convert 111001111001 (base 2) to base 5.
104310
-3de (base 16) to base 15
-460
Convert -330 (base 12) to base 9.
-570
What is 213db (base 14) in base 13?
2a764
Convert -5696 (base 12) to base 11.
-7254
What is -3c55 (base 14) in base 4?
-2212203
What is -1032020 (base 4) in base 12?
-2a88
What is -10222 (base 5) in base 6?
-3103
What is -1358 (base 12) in base 15?
-9d8
Convert 203 (base 9) to base 8.
245
1445 (base 7) to base 14
2cc
Convert 161 (base 10) to base 8.
241
Convert 65 (base 9) to base 7.
113
-117 (base 16) to base 11
-234
-3f15 (base 16) to base 13
-7473
What is 131120 (base 4) in base 6?
12412
50d8 (base 16) to base 6
235452
What is 1001111110 (base 2) in base 3?
212122
Convert 2b18 (base 14) to base 4.
1313302
-573 (base 9) to base 13
-2a3
Convert 3333 (base 7) to base 13.
714
-17bd (base 15) to base 12
-2b74
Convert 1a2 (base 12) to base 4.
10022
4510 (base 12) to base 5
221034
What is 672 (base 12) in base 5?
12300
Convert -22125 (base 6) to base 8.
-6005
What is 2025 (base 7) in base 6?
3133
What is -45157 (base 8) in base 6?
-224115
What is -36 (base 13) in base 7?
-63
475 (base 9) to base 7
1100
-384 (base 11) to base 13
-290
-20101 (base 3) to base 4
-2230
-101100110111 (base 2) to base 6
-21143
What is -397 (base 10) in base 15?
-1b7
What is -11111 (base 6) in base 14?
-7d1
51c (base 16) to base 7
3546
Convert 301c (base 15) to base 2.
10011110101000
What is 12521 (base 7) in base 16?
d13
520044 (base 6) to base 5
2312000
Convert 3006 (base 7) to base 16.
40b
Convert 2300 (base 13) to base 7.
20201
-4851 (base 16) to base 10
-18513
Convert -15ba (base 16) to base 2.
-1010110111010
-10210031 (base 4) to base 3
-221122122
Convert -110 (base 9) to base 16.
-5a
Convert 5a9 (base 12) to base 5.
11344
Convert -2aaa (base 16) to base 7.
-43562
Convert -3064 (base 9) to base 13.
-1039
827 (base 12) to base 5
14213
-130303 (base 4) to base 2
-11100110011
Convert 1617 (base 12) to base 14.
d47
What is 23503 (base 8) in base 4?
2131003
What is -22222210 (base 3) in base 9?
-8883
What is 101233 (base 4) in base 6?
5131
-40032 (base 5) to base 7
-10224
What is -17fc (base 16) in base 7?
-23621
-102213 (base 4) to base 15
-546
What is 754 (base 8) in base 6?
2140
What is -a526 (base 13) in base 6?
-253435
Convert -206 (base 14) to base 9.
-482
What is -1c9 (base 16) in base 11?
-386
Convert -150630 (base 7) to base 16.
-71c7
32a8 (base 16) to base 15
3c98
1101020 (base 4) to base 11
39a0
What is 101001 (base 4) in base 15?
4c9
What is 101010001111 (base 2) in base 12?
1693
What is 38 (base 11) in base 2?
101001
What is -76028 (base 9) in base 14?
-144ab
Convert 1021221022 (base 3) to base 5.
1303334
-30370 (base 11) to base 10
-44363
-6b2 (base 14) to base 16
-534
What is -121144 (base 6) in base 2?
-10100110011000
847 (base 9) to base 15
311
Convert 3122221 (base 4) to base 16.
36a9
What is -234 (base 7) in base 3?
-11120
Convert -89e2 (base 16) to base 7.
-204624
Convert 480 (base 11) to base 5.
4242
439 (base 12) to base 3
212000
What is -285 (base 11) in base 12?
-23b
-111000 (base 2) to base 16
-38
-1775 (base 9) to base 5
-20424
-1044 (base 7) to base 12
-273
Convert 2431 (base 5) to base 16.
16e
153 (base 6) to base 11
63
Convert 62035 (base 7) to base 2.
11101100001110
Convert -de0 (base 16) to base 9.
-4776
Convert -4050 (base 6) to base 11.
-743
-985 (base 13) to base 16
-65e
-1010111001100 (base 2) to base 11
-4213
What is 223113 (base 5) in base 11?
5a3a
Convert 4538 (base 9) to base 6.
23312
Convert 31321 (base 6) to base 10.
4225
503 (base 10) to base 16
1f7
Convert -8895 (base 13) to base 8.
-45152
What is 13004 (base 6) in base 3?
2200011
What is 1300 (base 11) in base 2?
11010011110
551443 (base 6) to base 5
2430442
What is 110312 (base 5) in base 12?
2274
What is 4124 (base 5) in base 12?
38b
-34124 (base 5) to base 13
-1139
1221 (base 3) to base 10
52
b0b (base 13) to base 11
1450
What is -50101 (base 6) in base 15?
-1de7
Convert -1234132 (base 5) to base 7.
-130552
1302003 (base 4) to base 10
7299
What is -220212222 (base 3) in base 8?
-43337
What is -21071 (base 12) in base 16?
-a915
Convert -3847 (base 15) to base 13.
-55c6
What is -53 (base 12) in base 14?
-47
1101100001 (base 2) to base 3
1012001
-212110112 (base 3) to base 4
-10023101
Convert 22012320 (base 4) to base 2.
1010000110111000
512662 (base 7) to base 14
23c32
What is -3596a (base 11) in base 3?
-2121222102
Convert -2121330 (base 4) to base 15.
-2dbc
43480 (base 10) to base 3
2012122101
Convert 15576 (base 14) to base 16.
cfe4
Convert 1222200 (base 3) to base 10.
1449
What is -c24 (base 13) in base 11?
-1601
Convert -3121321 (base 4) to base 11.
-a528
What is 102221120 (base 3) in base 16?
2205
Convert 3b32 (base 13) to base 2.
10000100101011
What is 1040 (base 6) in base 9?
286
What is 5251 (base 6) in base 10?
1183
20312 (base 5) to base 13
7b6
2010 (base 5) to base 4
3333
100221 (base 4) to base 7
3051
What is 17235 (base 13) in base 2?
1010110100100010
Convert -300 (base 6) to base 12.
-90
What is -9a8 (base 13) in base 8?
-3173
-3077 (base 8) to base 7
-4443
-101330 (base 5) to base 15
-eca
-11314 (base 7) to base 4
-231112
Convert 8610 (base 15) to base 10.
28365
20220002 (base 3) to base 15
174e
Convert -4a4 (base 12) to base 5.
-10300
Convert 2100210010 (base 3) to base 2.
1011010110100001
b542 (base 13) to base 14
91c6
-2710 (base 11) to base 10
-3520
-2d4c (base 15) to base 14
-37a3
-10222112 (base 3) to base 13
-1424
Convert a2a1 (base 11) to base 8.
32537
-b29 (base 14) to base 8
-4221
What is -6b7 (base 12) in base 2?
-1111101011
What is -200221 (base 3) in base 11?
-425
Convert -1100001101110 (base 2) to base 9.
-8518
Convert -245122 (base 6) to base 3.
-1002222212
Convert -2142 (base 11) to base 6.
-21033
What is -7a2 (base 11) in base 12?
-67b
Convert -21222202 (base 3) to base 15.
-1ad